{"id":33,"date":"2016-10-05T19:42:19","date_gmt":"2016-10-05T19:42:19","guid":{"rendered":"http:\/\/cresal.eagledigital.com.br\/?page_id=33"},"modified":"2016-11-22T13:20:57","modified_gmt":"2016-11-22T13:20:57","slug":"historia-linha-do-tempo","status":"publish","type":"page","link":"http:\/\/www.cresal.coop.br\/novosite\/historia-linha-do-tempo\/","title":{"rendered":"Linha do Tempo"},"content":{"rendered":"<p><span style=\"font-weight: 400;\">A Assembleia Geral de Constitui\u00e7\u00e3o, que instalou a Cresal e contando com a ades\u00e3o de 61 associados fundadores, ocorreu em 20 de dezembro de 1983, quando se aprovou o primeiro estatuto social e foram eleitos os membros do Conselho de Administra\u00e7\u00e3o e do Conselho Fiscal. A autoriza\u00e7\u00e3o de funcionamento foi concedida pelo Banco Central em dezembro de 1984. No intervalo entre a cria\u00e7\u00e3o e a autoriza\u00e7\u00e3o de funcionamento, a Cresal j\u00e1 realizava as opera\u00e7\u00f5es de capitaliza\u00e7\u00e3o e empr\u00e9stimos.<\/span><\/p>\n<p><span style=\"font-weight: 400;\">Em dezembro de 1984, durante uma reuni\u00e3o do Conselho de Administra\u00e7\u00e3o, foi eleita uma comiss\u00e3o composta por quatro associados para administrar um concurso que escolheria o logotipo que identificaria a entidade.<\/span><\/p>\n<p><span style=\"font-weight: 400;\">O logotipo que passou a ser impresso em cartas e of\u00edcios da Cresal, representado pelo cifr\u00e3o, pelo s\u00edmbolo do cooperativismo (pinheiros) e pelo logotipo da Emater-RS\/Ascar, com a nomenclatura Cresal, foi cria\u00e7\u00e3o do s\u00f3cio fundador S\u00e9rgio Batsow, em 1999.<\/span><\/p>\n<p><span style=\"font-weight: 400;\">A Cresal veio atender duas necessidades: a primeira seria a financeira, atrav\u00e9s da obten\u00e7\u00e3o de empr\u00e9stimos com melhores condi\u00e7\u00f5es de acesso, prazos mais adequados e juros menores, al\u00e9m de melhores resultados na aplica\u00e7\u00e3o das economias pessoais; a segunda, a qualifica\u00e7\u00e3o da orienta\u00e7\u00e3o t\u00e9cnica repassada ao p\u00fablico rural sobre cooperativa e cooperativismo, por meio da aquisi\u00e7\u00e3o de experi\u00eancia e conhecimento te\u00f3rico-pr\u00e1tico advindo da participa\u00e7\u00e3o na vida de uma cooperativa como associado.<\/span><\/p>\n","protected":false},"excerpt":{"rendered":"<p>A Assembleia Geral de Constitui\u00e7\u00e3o, que instalou a Cresal e contando com a ades\u00e3o de 61 associados fundadores, ocorreu em 20 de dezembro de 1983, quando se aprovou o primeiro estatuto social e foram eleitos os membros do Conselho de Administra\u00e7\u00e3o e do Conselho Fiscal. A autoriza\u00e7\u00e3o de funcionamento foi concedida pelo Banco Central em &hellip; <a href=\"http:\/\/www.cresal.coop.br\/novosite\/historia-linha-do-tempo\/\" class=\"more-link\">Continue reading<span class=\"screen-reader-text\"> &#8220;Linha do Tempo&#8221;<\/span><\/a><\/p>\n","protected":false},"author":1,"featured_media":0,"parent":0,"menu_order":0,"comment_status":"closed","ping_status":"closed","template":"templates\/page-historia.php","meta":[],"_links":{"self":[{"href":"http:\/\/www.cresal.coop.br\/novosite\/wp-json\/wp\/v2\/pages\/33"}],"collection":[{"href":"http:\/\/www.cresal.coop.br\/novosite\/wp-json\/wp\/v2\/pages"}],"about":[{"href":"http:\/\/www.cresal.coop.br\/novosite\/wp-json\/wp\/v2\/types\/page"}],"author":[{"embeddable":true,"href":"http:\/\/www.cresal.coop.br\/novosite\/wp-json\/wp\/v2\/users\/1"}],"replies":[{"embeddable":true,"href":"http:\/\/www.cresal.coop.br\/novosite\/wp-json\/wp\/v2\/comments?post=33"}],"version-history":[{"count":15,"href":"http:\/\/www.cresal.coop.br\/novosite\/wp-json\/wp\/v2\/pages\/33\/revisions"}],"predecessor-version":[{"id":435,"href":"http:\/\/www.cresal.coop.br\/novosite\/wp-json\/wp\/v2\/pages\/33\/revisions\/435"}],"wp:attachment":[{"href":"http:\/\/www.cresal.coop.br\/novosite\/wp-json\/wp\/v2\/media?parent=33"}],"curies":[{"name":"wp","href":"https:\/\/api.w.org\/{rel}","templated":true}]}}