{"id":174,"date":"2016-10-19T17:29:36","date_gmt":"2016-10-19T17:29:36","guid":{"rendered":"http:\/\/cresal.eagledigital.com.br\/?page_id=174"},"modified":"2016-12-20T10:46:54","modified_gmt":"2016-12-20T10:46:54","slug":"unimed","status":"publish","type":"page","link":"http:\/\/www.cresal.coop.br\/novosite\/servicos\/unimed\/","title":{"rendered":"Unimed"},"content":{"rendered":"<p><span style=\"font-weight: 400;\">N\u00f3s tamb\u00e9m ajudamos voc\u00ea a cuidar da sa\u00fade e da sa\u00fade da sua fam\u00edlia. Numa parceria com a U<\/span><span style=\"font-weight: 400;\">nimed, todos os associados da Cresal e seus familiares podem ter acesso ao plano Unimax Global.<br \/>\n<\/span><\/p>\n<p>&nbsp;<\/p>\n","protected":false},"excerpt":{"rendered":"<p>N\u00f3s tamb\u00e9m ajudamos voc\u00ea a cuidar da sa\u00fade e da sa\u00fade da sua fam\u00edlia. Numa parceria com a Unimed, todos os associados da Cresal e seus familiares podem ter acesso ao plano Unimax Global. &nbsp;<\/p>\n","protected":false},"author":1,"featured_media":594,"parent":37,"menu_order":0,"comment_status":"closed","ping_status":"closed","template":"templates\/page-unimed.php","meta":[],"_links":{"self":[{"href":"http:\/\/www.cresal.coop.br\/novosite\/wp-json\/wp\/v2\/pages\/174"}],"collection":[{"href":"http:\/\/www.cresal.coop.br\/novosite\/wp-json\/wp\/v2\/pages"}],"about":[{"href":"http:\/\/www.cresal.coop.br\/novosite\/wp-json\/wp\/v2\/types\/page"}],"author":[{"embeddable":true,"href":"http:\/\/www.cresal.coop.br\/novosite\/wp-json\/wp\/v2\/users\/1"}],"replies":[{"embeddable":true,"href":"http:\/\/www.cresal.coop.br\/novosite\/wp-json\/wp\/v2\/comments?post=174"}],"version-history":[{"count":18,"href":"http:\/\/www.cresal.coop.br\/novosite\/wp-json\/wp\/v2\/pages\/174\/revisions"}],"predecessor-version":[{"id":638,"href":"http:\/\/www.cresal.coop.br\/novosite\/wp-json\/wp\/v2\/pages\/174\/revisions\/638"}],"up":[{"embeddable":true,"href":"http:\/\/www.cresal.coop.br\/novosite\/wp-json\/wp\/v2\/pages\/37"}],"wp:featuredmedia":[{"embeddable":true,"href":"http:\/\/www.cresal.coop.br\/novosite\/wp-json\/wp\/v2\/media\/594"}],"wp:attachment":[{"href":"http:\/\/www.cresal.coop.br\/novosite\/wp-json\/wp\/v2\/media?parent=174"}],"curies":[{"name":"wp","href":"https:\/\/api.w.org\/{rel}","templated":true}]}}