{"id":167,"date":"2016-10-19T17:12:39","date_gmt":"2016-10-19T17:12:39","guid":{"rendered":"http:\/\/cresal.eagledigital.com.br\/?page_id=167"},"modified":"2016-12-01T13:03:30","modified_gmt":"2016-12-01T13:03:30","slug":"capitalizacao","status":"publish","type":"page","link":"http:\/\/www.cresal.coop.br\/novosite\/servicos\/capitalizacao\/","title":{"rendered":"Capitaliza\u00e7\u00e3o"},"content":{"rendered":"<p align=\"justify\"><strong>Capital inicial<\/strong><\/p>\n<p align=\"justify\">O capital social da Cooperativa \u00e9 representado por cotas-partes, no valor unit\u00e1rio de R$1,00 (um real). Nenhum associado poder\u00e1 subscrever mais de 1\/3 (um ter\u00e7o) do capital da Cooperativa.<\/p>\n<p align=\"justify\"><strong>Aumento Cont\u00ednuo de Capital &#8211; Mensalidade<\/strong><\/p>\n<p>O aumento de capital do associado na Cooperativa \u00e9 permanente, conforme estabelece o par\u00e1grafo primeiro do art. 7\u00ba do Estatuto. O valor da capitaliza\u00e7\u00e3o mensal, \u00e9 de no m\u00ednimo de R$ 10,00 (dez) mensais cada associado subscrever\u00e1 R$ 30,00(trinta reais) na ades\u00e3o e integralizar\u00e1 mensalmente, atrav\u00e9s de desconto em folha de pagamento, d\u00e9bito em conta de dep\u00f3sito ou boleto, o valor m\u00ednimo de R$10,00 (dez reais).<\/p>\n<p><strong>Perman\u00eancia do Capital Integralizado na Cooperativa <\/strong><\/p>\n<p>O capital integralizado por cada associado deve permanecer na cooperativa por prazo que possibilite o desenvolvimento regular da sociedade e o cumprimento dos limites estabelecidos pela regulamenta\u00e7\u00e3o em vigor. Eventuais solicita\u00e7\u00f5es de resgate poder\u00e3o ser examinadas pelo \u00f3rg\u00e3o de administra\u00e7\u00e3o.<\/p>\n<p align=\"justify\"><strong>Devolu\u00e7\u00e3o do Capital Integralizado<\/strong><\/p>\n<p>A devolu\u00e7\u00e3o do capital e outros direitos ao ex-associado ser\u00e1 procedida conforme a legisla\u00e7\u00e3o e as normas da Cooperativa: ap\u00f3s a aprova\u00e7\u00e3o, pela Assembleia Geral, das contas do exerc\u00edcio em que se deu o desligamento da Cooperativa, independente da forma como que se deu o referido desligamento.<\/p>\n","protected":false},"excerpt":{"rendered":"<p>Capital inicial O capital social da Cooperativa \u00e9 representado por cotas-partes, no valor unit\u00e1rio de R$1,00 (um real). Nenhum associado poder\u00e1 subscrever mais de 1\/3 (um ter\u00e7o) do capital da Cooperativa. Aumento Cont\u00ednuo de Capital &#8211; Mensalidade O aumento de capital do associado na Cooperativa \u00e9 permanente, conforme estabelece o par\u00e1grafo primeiro do art. 7\u00ba &hellip; <a href=\"http:\/\/www.cresal.coop.br\/novosite\/servicos\/capitalizacao\/\" class=\"more-link\">Continue reading<span class=\"screen-reader-text\"> &#8220;Capitaliza\u00e7\u00e3o&#8221;<\/span><\/a><\/p>\n","protected":false},"author":1,"featured_media":0,"parent":37,"menu_order":0,"comment_status":"closed","ping_status":"closed","template":"templates\/page-capitalizacao.php","meta":[],"_links":{"self":[{"href":"http:\/\/www.cresal.coop.br\/novosite\/wp-json\/wp\/v2\/pages\/167"}],"collection":[{"href":"http:\/\/www.cresal.coop.br\/novosite\/wp-json\/wp\/v2\/pages"}],"about":[{"href":"http:\/\/www.cresal.coop.br\/novosite\/wp-json\/wp\/v2\/types\/page"}],"author":[{"embeddable":true,"href":"http:\/\/www.cresal.coop.br\/novosite\/wp-json\/wp\/v2\/users\/1"}],"replies":[{"embeddable":true,"href":"http:\/\/www.cresal.coop.br\/novosite\/wp-json\/wp\/v2\/comments?post=167"}],"version-history":[{"count":17,"href":"http:\/\/www.cresal.coop.br\/novosite\/wp-json\/wp\/v2\/pages\/167\/revisions"}],"predecessor-version":[{"id":534,"href":"http:\/\/www.cresal.coop.br\/novosite\/wp-json\/wp\/v2\/pages\/167\/revisions\/534"}],"up":[{"embeddable":true,"href":"http:\/\/www.cresal.coop.br\/novosite\/wp-json\/wp\/v2\/pages\/37"}],"wp:attachment":[{"href":"http:\/\/www.cresal.coop.br\/novosite\/wp-json\/wp\/v2\/media?parent=167"}],"curies":[{"name":"wp","href":"https:\/\/api.w.org\/{rel}","templated":true}]}}