{"id":129,"date":"2016-10-17T18:05:10","date_gmt":"2016-10-17T18:05:10","guid":{"rendered":"http:\/\/cresal.eagledigital.com.br\/?page_id=129"},"modified":"2017-05-12T17:57:08","modified_gmt":"2017-05-12T17:57:08","slug":"convocacoes","status":"publish","type":"page","link":"http:\/\/www.cresal.coop.br\/novosite\/institucional\/convocacoes\/","title":{"rendered":"Convoca\u00e7\u00f5es"},"content":{"rendered":"<p>As convoca\u00e7\u00f5es, tanto da Assembleia Geral Ordin\u00e1ria quanto da Extraordin\u00e1ria, devem ser publicadas em jornal de grande circula\u00e7\u00e3o com anteced\u00eancia m\u00ednima de 10 dias da data de assembleia e serem amplamente divulgadas. A primeira se re\u00fane uma vez por ano, ap\u00f3s o t\u00e9rmino do exerc\u00edcio social, e a segunda, quantas vezes forem necess\u00e1rias.<\/p>\n<p>A Assembleia Geral \u00e9 a inst\u00e2ncia m\u00e1xima da governan\u00e7a da cooperativa, onde s\u00e3o tomadas as decis\u00f5es, pois as suas delibera\u00e7\u00f5es vinculam todos os associados, ainda que ausentes ou mesmo discordantes. \u00c9 nela que a sua participa\u00e7\u00e3o faz a diferen\u00e7a.<\/p>\n<p>Portanto, participe! Seja dono das suas decis\u00f5es!<\/p>\n","protected":false},"excerpt":{"rendered":"<p>As convoca\u00e7\u00f5es, tanto da Assembleia Geral Ordin\u00e1ria quanto da Extraordin\u00e1ria, devem ser publicadas em jornal de grande circula\u00e7\u00e3o com anteced\u00eancia m\u00ednima de 10 dias da data de assembleia e serem amplamente divulgadas. A primeira se re\u00fane uma vez por ano, ap\u00f3s o t\u00e9rmino do exerc\u00edcio social, e a segunda, quantas vezes forem necess\u00e1rias. A Assembleia &hellip; <a href=\"http:\/\/www.cresal.coop.br\/novosite\/institucional\/convocacoes\/\" class=\"more-link\">Continue reading<span class=\"screen-reader-text\"> &#8220;Convoca\u00e7\u00f5es&#8221;<\/span><\/a><\/p>\n","protected":false},"author":1,"featured_media":0,"parent":35,"menu_order":0,"comment_status":"closed","ping_status":"closed","template":"templates\/page-convocacoes.php","meta":[],"_links":{"self":[{"href":"http:\/\/www.cresal.coop.br\/novosite\/wp-json\/wp\/v2\/pages\/129"}],"collection":[{"href":"http:\/\/www.cresal.coop.br\/novosite\/wp-json\/wp\/v2\/pages"}],"about":[{"href":"http:\/\/www.cresal.coop.br\/novosite\/wp-json\/wp\/v2\/types\/page"}],"author":[{"embeddable":true,"href":"http:\/\/www.cresal.coop.br\/novosite\/wp-json\/wp\/v2\/users\/1"}],"replies":[{"embeddable":true,"href":"http:\/\/www.cresal.coop.br\/novosite\/wp-json\/wp\/v2\/comments?post=129"}],"version-history":[{"count":14,"href":"http:\/\/www.cresal.coop.br\/novosite\/wp-json\/wp\/v2\/pages\/129\/revisions"}],"predecessor-version":[{"id":880,"href":"http:\/\/www.cresal.coop.br\/novosite\/wp-json\/wp\/v2\/pages\/129\/revisions\/880"}],"up":[{"embeddable":true,"href":"http:\/\/www.cresal.coop.br\/novosite\/wp-json\/wp\/v2\/pages\/35"}],"wp:attachment":[{"href":"http:\/\/www.cresal.coop.br\/novosite\/wp-json\/wp\/v2\/media?parent=129"}],"curies":[{"name":"wp","href":"https:\/\/api.w.org\/{rel}","templated":true}]}}